late the highest common divisor of 2554 and 861975.
1277
Calculate the highest common divisor of 92024 and 16.
8
Calculate the highest common divisor of 22810 and 15.
5
What is the greatest common divisor of 17630 and 1118?
86
Calculate the greatest common divisor of 1030137 and 3.
3
What is the greatest common factor of 998 and 1478?
2
What is the highest common divisor of 104 and 275301?
13
What is the highest common divisor of 3949 and 561?
11
Calculate the highest common divisor of 64 and 15992.
8
What is the highest common divisor of 470528 and 176?
16
What is the highest common divisor of 896 and 31584?
224
Calculate the highest common factor of 2330 and 60.
10
Calculate the greatest common divisor of 1053 and 49257.
117
What is the greatest common factor of 239683 and 391?
391
Calculate the greatest common factor of 3450 and 960.
30
What is the greatest common factor of 55241 and 37?
37
What is the greatest common divisor of 6512 and 17501?
407
Calculate the highest common divisor of 250 and 1606500.
250
What is the highest common divisor of 105 and 2099335?
35
What is the highest common divisor of 152 and 62035?
19
What is the greatest common factor of 47108 and 4?
4
Calculate the highest common divisor of 15 and 175890.
15
Calculate the highest common factor of 871 and 9321.
13
What is the greatest common factor of 1347708 and 2313?
771
Calculate the highest common divisor of 152 and 35017.
19
What is the highest common divisor of 5092 and 95?
19
What is the greatest common factor of 141843 and 195?
39
What is the greatest common divisor of 416 and 2100748?
52
What is the greatest common factor of 26245 and 725?
145
What is the greatest common factor of 1808634 and 222?
222
Calculate the highest common factor of 60 and 82428.
12
Calculate the highest common divisor of 145151 and 37.
37
What is the highest common divisor of 1479 and 357?
51
What is the highest common factor of 437778 and 1608?
402
What is the greatest common divisor of 82047 and 1764?
21
What is the greatest common divisor of 149 and 97297?
149
Calculate the highest common factor of 168303 and 33.
3
Calculate the greatest common factor of 12564 and 711.
9
Calculate the highest common factor of 110 and 87910.
10
What is the greatest common divisor of 1637430 and 120?
30
Calculate the highest common divisor of 489 and 1613211.
489
Calculate the greatest common factor of 9416 and 3784.
88
What is the highest common factor of 42 and 51681?
21
Calculate the greatest common divisor of 574 and 3122.
14
Calculate the highest common factor of 142 and 115162.
142
What is the highest common divisor of 3768 and 1272?
24
Calculate the greatest common divisor of 12 and 4445040.
12
What is the greatest common divisor of 880 and 28?
4
Calculate the greatest common factor of 437320 and 8.
8
What is the greatest common divisor of 196 and 1353?
1
What is the highest common divisor of 110 and 19360770?
110
What is the highest common divisor of 10811 and 114?
19
Calculate the greatest common divisor of 37948 and 742.
106
What is the greatest common factor of 3303540 and 210?
30
What is the greatest common factor of 410 and 67855?
205
Calculate the greatest common divisor of 185 and 3586595.
185
What is the highest common divisor of 33 and 22957?
11
Calculate the greatest common factor of 138 and 44862.
6
What is the greatest common divisor of 44 and 31042?
22
Calculate the highest common factor of 5208 and 1470.
42
Calculate the greatest common divisor of 56325 and 12.
3
Calculate the greatest common factor of 107252 and 24.
4
Calculate the greatest common factor of 253 and 46321.
11
What is the greatest common factor of 216631 and 187?
17
Calculate the greatest common factor of 188346 and 42.
6
Calculate the greatest common divisor of 309 and 2720951.
103
Calculate the greatest common factor of 1087944 and 1248.
312
Calculate the highest common factor of 143 and 29341.
13
What is the highest common factor of 2820 and 1440?
60
Calculate the highest common divisor of 2299 and 1919.
19
What is the highest common divisor of 1593 and 1475?
59
Calculate the highest common factor of 66 and 66506.
22
Calculate the highest common divisor of 715 and 68354.
143
Calculate the greatest common divisor of 11398 and 834.
278
Calculate the greatest common divisor of 12 and 97228.
4
What is the greatest common divisor of 30758 and 266?
14
Calculate the highest common factor of 28 and 211924.
4
Calculate the greatest common factor of 30 and 2506155.
15
Calculate the highest common factor of 95896 and 464.
8
Calculate the highest common factor of 192 and 22992.
48
What is the highest common factor of 34882 and 4922?
214
Calculate the highest common divisor of 4 and 2154.
2
What is the highest common divisor of 65156 and 358?
358
What is the highest common factor of 27 and 65889?
9
What is the greatest common divisor of 30 and 448695?
15
What is the greatest common divisor of 83 and 343454?
83
Calculate the highest common factor of 1469 and 13334.
113
Calculate the highest common factor of 19 and 8724572.
19
What is the greatest common factor of 27656 and 24?
8
Calculate the highest common factor of 1755 and 5395.
65
What is the highest common factor of 824694 and 776?
194
Calculate the greatest common divisor of 8947 and 115.
23
Calculate the highest common factor of 5251 and 40828.
59
What is the highest common factor of 441 and 1368?
9
What is the greatest common divisor of 423 and 244353?
141
What is the highest common factor of 94009 and 13?
1
Calculate the highest common divisor of 1647 and 109617.
183
Calculate the highest common factor of 156 and 121908.
12
Calculate the greatest common factor of 25385 and 10.
5
What is the highest common divisor of 26388 and 517498?
1466
Calculate the highest common factor of 219 and 67598.
73
Calculate the greatest common factor of 78 and 1905501.
39
Calculate the highest common divisor of 60 and 4965.
15
What is the highest common divisor of 155 and 314030?
155
Calculate the greatest common factor of 464 and 37410.
58
Calculate the highest common divisor of 196 and 505960.
28
What is the greatest common divisor of 28 and 856?
4
What is the greatest common factor of 1551 and 18414?
33
Calculate the highest common factor of 60 and 3396.
12
Calculate the highest common divisor of 21043 and 33.
11
What is the greatest common factor of 54 and 10086?
6
What is the highest common divisor of 1062 and 495?
9
What is the greatest common divisor of 89 and 505?
1
Calculate the greatest common factor of 228810 and 29.
29
What is the greatest common divisor of 1339569 and 99?
99
What is the highest common divisor of 387 and 1978731?
387
What is the greatest common divisor of 903 and 34377?
21
What is the highest common divisor of 3703 and 4025?
161
Calculate the greatest common factor of 24582 and 714.
102
Calculate the highest common factor of 24343 and 2783.
11
Calculate the highest common divisor of 672086 and 4402.
142
Calculate the highest common divisor of 614 and 15993472.
614
What is the greatest common divisor of 45 and 1875?
15
Calculate the highest common divisor of 5933 and 149023.
349
What is the highest common factor of 24 and 70848?
24
Calculate the greatest common divisor of 7912 and 9752.
184
What is the highest common divisor of 5817 and 119?
7
What is the highest common divisor of 57064 and 256?
8
Calculate the greatest common divisor of 96390 and 420.
210
What is the greatest common factor of 22737 and 195?
39
What is the greatest common divisor of 1647594 and 468?
234
What is the greatest common factor of 300546 and 236?
118
Calculate the greatest common factor of 32163 and 13137.
453
What is the greatest common divisor of 12348 and 2520?
252
Calculate the highest common factor of 1210 and 4510.
110
Calculate the highest common factor of 6097 and 1675.
67
Calculate the highest common factor of 3276 and 972.
36
What is the greatest common factor of 124 and 149668?
124
Calculate the highest common divisor of 2067219 and 627.
627
Calculate the highest common factor of 300220 and 108.
4
What is the greatest common divisor of 53 and 7299319?
53
Calculate the highest common divisor of 1661 and 99.
11
What is the highest common factor of 10048 and 129996?
628
